prime factors of u.
2, 3, 79
Let c = 17 + -11. Let o = 14 + c. What are the prime factors of 1 - (-5 - -1)*405/o?
2, 41
Suppose 14*i - 7388 = 29922. Suppose 3*h = -b + 5*b + 2674, 3*h - i = -5*b. List the prime factors of h.
2, 5, 89
Let v = 3664 + 5613. What are the prime factors of v?
9277
Let z = -47871 - -68937. List the prime factors of z.
2, 3, 3511
Let x(l) = -3619*l - 475. What are the prime factors of x(-3)?
2, 29, 179
List the prime factors of (3632/10)/(72/9 - (-2476)/(-310)).
2, 31, 227
Suppose 4*w + 26964 = -2947*n + 2949*n, 3*w = 3*n - 40464. List the prime factors of n.
2, 3, 13, 173
Let c(y) = -10*y**2 + 10*y - 4. Let w(a) = a - 5. Let n be w(-3). Let g be c(n). List the prime factors of (-4)/16 + g/(-16).
3, 5
What are the prime factors of ((-315)/(-60))/((-13)/(-25948))?
3, 7, 499
Let m = 1 + -1. Let y be m - 0*(-1)/3. Suppose y = 5*n - 21 - 14. What are the prime factors of n?
7
Let h be 20*(-24)/(-384) - (-2)/((-8)/85). Let t(k) = 11*k**2 - 31*k**2 + 5 - k + 3 - k**3. List the prime factors of t(h).
2, 7
Let s be (-91)/14 - 5/((-10)/3). What are the prime factors of 3 + (-12)/6 + 1278 + s?
2, 7, 13
Let w be (8/20)/(9/90). Suppose -o = j - 105, 6 = -2*j - w. What are the prime factors of o?
2, 5, 11
What are the prime factors of (-10)/(-40) + (8 - (1211474/(-8))/11)?
5, 19, 29
Suppose f = 3*d - 287, d + 3*d + 5*f = 408. Let b be ((42/(-13))/(-3) - 1) + 3999/403. List the prime factors of d - (4/5 - (-32)/b).
3, 31
Let j = 426 - -146. Let l = j + -317. Suppose -l = -0*z - 3*z. List the prime factors of z.
5, 17
Let k(f) = 2*f**3 + 15*f**2 - 8*f + 4. Suppose 2*i + 3*x - 3 = 0, 5*i + 21*x = 24*x + 39. List the prime factors of k(i).
2, 29
Suppose 357 + 651 = 21*s. Suppose s*x = 43*x + 2025. What are the prime factors of x?
3, 5
Suppose 92 = -13*t - 103. Let u(h) be the third derivative of -h**6/120 - 4*h**5/15 - 3*h**4/4 - 5*h**3/6 + 4*h**2. List the prime factors of u(t).
2, 5
Let u = -40 + 43. Suppose -u*q = q + 84. List the prime factors of (7/2)/(q/(-42)).
7
Suppose -2*j + f - 51610 = -7*j, 4*j + 5*f - 41288 = 0. List the prime factors of j.
2, 13, 397
Let x(i) = -54*i - 430. Let a be x(-8). Let w(v) = 40*v**3 + 4*v**2 + v - 11. List the prime factors of w(a).
3, 109
Let c be (0 - 3)*(-470)/30. Suppose -c*x = -38*x - 3573. List the prime factors of x.
397
Suppose k + 2 = -5*q, -q - 2 = q. Suppose k*j = 2*f - 218, f - 14*j + 17*j = 127. List the prime factors of f.
5, 23
Suppose 0 = 6*c + 2*c - 0*c. Suppose -5*x + x + 2168 = -4*q, -3*x - 4*q + 1612 = c. List the prime factors of x.
2, 3, 5
Let c(f) = -f**3 + 8*f**2 + 10*f - 3. Let m be c(9). Let n = -306 + 385. Suppose 5*v - 3*j - 333 = 0, -v + m = 4*j - n. What are the prime factors of v?
3, 23
Let r(u) = u**3 + 2*u**2 - u + 6. Let n be r(3). Let b = -8 + n. Suppose -y + b = -17. List the prime factors of y.
3, 19
Suppose -1708013 = -199*k + 1954582. What are the prime factors of k?
3, 5, 409
Let v(g) be the first derivative of 227*g**2/2 + 7*g + 14. What are the prime factors of v(3)?
2, 43
Let d = -6747 + 15148. What are the prime factors of d?
31, 271
Let b(i) = 283*i - 1587. What are the prime factors of b(25)?
2, 7
Let q(g) = -231*g + 188. List the prime factors of q(-19).
23, 199
Let p(v) be the third derivative of -v**6/120 + 13*v**5/30 - 23*v**4/24 - v**3 + v**2. Suppose 51*w = 192 + 1083. List the prime factors of p(w).
2, 11
Suppose -4*d = -0*d - 8. Suppose 2*o + 2247 = 5*t + 128, 0 = -d*t - o + 844. What are the prime factors of t?
3, 47
Let u(p) = p**3 - 13*p**2 + 10*p + 18. Let j be u(12). Let k be 84/(-5)*80/j. Suppose 4*r - 647 = f, 2*r - 107 = 3*f + k. List the prime factors of r.
7, 23
Suppose 0 = -0*b + 10*b - 151760. List the prime factors of b.
2, 7, 271
Suppose -6266 = -3*s + 23495 - 5911. List the prime factors of s.
2, 3, 5, 53
Suppose -4*i + 2583 = -4*k - 977, -5*i + 4435 = -2*k. Let y = -440 + i. List the prime factors of y.
5, 89
Let d(h) = h + 1. Let x be d(-11). Let y be x*(-4 + (-105)/6). Suppose 5*k + y = 3*g, -4*g + 2*k + 315 = k. List the prime factors of g.
2, 5
List the prime factors of 6*8/216 + 7/189*416901.
3, 5147
Let h(b) = -1 - 5*b**3 - 5*b**2 + 300*b - 299*b - 3. List the prime factors of h(-6).
2, 5, 89
Let t(c) = 2*c + 46. Let z be t(-22). Suppose 567 = z*i + 5*u - 233, -1183 = -3*i + u. What are the prime factors of i?
5, 79
Suppose 18*f - 21*f = -12. Suppose 0 = -3*u - 0 + 21. Suppose 0 = -3*a, 5*w = -u*a + f*a + 70. List the prime factors of w.
2, 7
Suppose -3*i - 4*o = -45808, 5*o = 118*i - 120*i + 30555. What are the prime factors of i?
2, 5, 7, 109
Let p(y) be the first derivative of 2*y**3/3 + 9*y**2/2 - 21*y - 34. Let b be p(-11). Let m = b + -75. What are the prime factors of m?
47
Suppose 18*m - 7 = -43. List the prime factors of (m/(-3))/(4/2526).
421
Suppose 33 = -4*a + 5*c + 158, 0 = 2*a + 3*c - 35. Suppose 0 = 24*y - a*y + 240. What are the prime factors of y?
2, 3, 5
Let y = -274 + 269. What are the prime factors of 8*(251/2 + y)?
2, 241
Let p be (-1 + -4 + 4)*9/(-3). Suppose 78 = w - 2*t, t = -p*t - 12. What are the prime factors of w?
2, 3
Let s(z) = -14*z + 49. Suppose 5*c - 2*u + 34 = 0, -2*u + 7*u - 1 = 2*c. Let p be s(c). Let q = p - 76. What are the prime factors of q?
5, 17
Let r(a) = -42*a**2 - 25*a + 65. Let j be r(4). Let c = j - -1394. List the prime factors of c.
3, 229
Let v(k) = -11*k**3 - 17*k**2 + 14*k - 55. Let l(o) = -30*o**3 - 50*o**2 + 41*o - 164. Let n(x) = 4*l(x) - 11*v(x). List the prime factors of n(13).
79
Let a(t) be the second derivative of t**5/10 - t**4/3 + t**3/2 - 17*t**2/2 - 53*t. What are the prime factors of a(5)?
2, 37
Let r(h) be the first derivative of h**6/30 + h**5/120 + h**4/12 + 31*h**3/3 + 4. Let w(u) be the third derivative of r(u). List the prime factors of w(3).
113
Suppose 1325035 - 436987 = 112*h. What are the prime factors of h?
3, 881
Let a(c) = -317*c + 7167. List the prime factors of a(-91).
2, 11, 1637
Let p(x) be the second derivative of x**4/6 + 11*x**3/6 - 15*x**2 - 3*x. Let j be p(-10). Suppose -26*t + j = -22*t. List the prime factors of t.
3, 5
What are the prime factors of 63366/9 + -4*(-11)/(-66)?
2, 5, 11
Let n = 951 + -1590. Let v = n - -1008. What are the prime factors of v?
3, 41
Let s(m) = -14*m + 8. Let g = 31 - 34. Let q be s(g). Suppose x - q + 17 = 0. List the prime factors of x.
3, 11
Suppose x + 6791 = 4*b, 4*b + 5106 = 7*b - 5*x. Suppose r - 4*r + b = 2*q, -5*q + 4268 = -r. What are the prime factors of q?
853
Suppose 11*t = 51 + 15. Suppose -5*j - 120 = -5*v, 94 + 18 = -5*j + 3*v. Let l = t - j. List the prime factors of l.
2, 13
Let v(o) = 16*o**2 - 154*o - 316. List the prime factors of v(-36).
2, 6491
Let u(b) = 223*b + 477. List the prime factors of u(41).
2, 5, 13, 37
Let f(s) = s**3 + 65*s**2 + 231*s + 77. What are the prime factors of f(-40)?
3, 19, 541
Let k(f) be the second derivative of 5*f**4/6 + 7*f**3 - 19*f**2/2 + 131*f. List the prime factors of k(-8).
3, 5, 19
Let a = -13587 - -19112. What are the prime factors of a?
5, 13, 17
Let h be 31 - (3 + 36/9). List the prime factors of 2/(-4) - 132/h - -714.
2, 3, 59
Let m(i) = -i**3 - 9*i**2 + 11*i - 11. Let j be m(-10). Let c be 1/(j/(-9) - 2). Suppose p = c*p - 32. List the prime factors of p.
2
Let s(x) be the first derivative of 6*x**2 - x + 44. Suppose p + 12 = 7*p. List the prime factors of s(p).
23
Let a(k) = k - 2. Suppose -5*f = -3*y + 5, f = 2*y - 2*f - 4. Let d be a(y). Suppose 0 = -3*w + d, l = 5*l + 4*w - 708. What are the prime factors of l?
2, 11
Suppose 4*v = -2*v + 462. Let f = v + -7. Suppose -f - 6 = -4*j. What are the prime factors of j?
19
Suppose -2*z - 2*h + 39178 = 0, 49*z + 5*h + 39206 = 51*z. List the prime factors of z.
3, 7, 311
Let q(v) = -4*v + 35. Let j be q(8). Suppose 0 = 2*k + j + 11. Let x = k + 48. List the prime factors of x.
41
Let z(a) = a + 691. List the prime factors of z(49).
2, 5, 37
Let y(q) = 291*q**2 + 172*q - 2506. What are the prime factors of y(14)?
2, 7, 83
Suppose -3*b - 15 = 3*p, -b = -5*p - 0*b - 13. Let i(d) = -248*d - 61. What are the prime factors of i(p)?
683
Let q(g) = 8*g**2 + 114*g + 911. What are the prime factors of q(-41)?
5, 13, 149
Suppose 694*z + 45 = 695*z - 1590. What are the prime factors of z?
3, 5, 109
Suppose 